?
2
What is the tens digit of 9777?
7
What is the hundreds digit of 2510?
5
What is the hundreds digit of 6614?
6
What is the tens digit of 65622?
2
What is the tens digit of 154?
5
What is the units digit of 659?
9
What is the units digit of 2729?
9
What is the thousands digit of 1144?
1
What is the thousands digit of 40986?
0
What is the units digit of 28639?
9
What is the hundreds digit of 874?
8
What is the tens digit of 1207?
0
What is the units digit of 53122?
2
What is the tens digit of 11611?
1
What is the tens digit of 45714?
1
What is the ten thousands digit of 24590?
2
What is the thousands digit of 1881?
1
What is the thousands digit of 1125?
1
What is the units digit of 13199?
9
What is the thousands digit of 5578?
5
What is the units digit of 16102?
2
What is the units digit of 970?
0
What is the tens digit of 134?
3
What is the units digit of 36120?
0
What is the units digit of 38931?
1
What is the hundreds digit of 937?
9
What is the thousands digit of 11477?
1
What is the thousands digit of 73992?
3
What is the hundreds digit of 416?
4
What is the tens digit of 66?
6
What is the units digit of 513?
3
What is the tens digit of 41976?
7
What is the tens digit of 67339?
3
What is the tens digit of 144?
4
What is the units digit of 1224?
4
What is the tens digit of 48?
4
What is the tens digit of 476?
7
What is the thousands digit of 6330?
6
What is the ten thousands digit of 167590?
6
What is the units digit of 4266?
6
What is the hundreds digit of 185471?
4
What is the units digit of 2739?
9
What is the units digit of 7444?
4
What is the tens digit of 13282?
8
What is the ten thousands digit of 27597?
2
What is the tens digit of 912?
1
What is the units digit of 23991?
1
What is the tens digit of 43?
4
What is the tens digit of 7247?
4
What is the units digit of 492?
2
What is the thousands digit of 14617?
4
What is the tens digit of 3446?
4
What is the tens digit of 363?
6
What is the tens digit of 33282?
8
What is the ten thousands digit of 19859?
1
What is the ten thousands digit of 37883?
3
What is the hundreds digit of 8409?
4
What is the tens digit of 12151?
5
What is the units digit of 28768?
8
What is the units digit of 32?
2
What is the tens digit of 1086?
8
What is the units digit of 1086?
6
What is the thousands digit of 2424?
2
What is the tens digit of 404?
0
What is the units digit of 35340?
0
What is the units digit of 4969?
9
What is the units digit of 903?
3
What is the hundreds digit of 6674?
6
What is the tens digit of 1770?
7
What is the hundreds digit of 841?
8
What is the ten thousands digit of 110761?
1
What is the thousands digit of 1431?
1
What is the hundreds digit of 1887?
8
What is the tens digit of 4437?
3
What is the ten thousands digit of 27588?
2
What is the thousands digit of 12834?
2
What is the tens digit of 10251?
5
What is the thousands digit of 3377?
3
What is the units digit of 20292?
2
What is the units digit of 4130?
0
What is the hundreds digit of 7648?
6
What is the thousands digit of 44416?
4
What is the tens digit of 986?
8
What is the units digit of 12627?
7
What is the ten thousands digit of 146898?
4
What is the tens digit of 872?
7
What is the ten thousands digit of 48125?
4
What is the tens digit of 476?
7
What is the hundreds digit of 46034?
0
What is the units digit of 17882?
2
What is the tens digit of 2628?
2
What is the hundreds digit of 1504?
5
What is the tens digit of 59762?
6
What is the units digit of 2258?
8
What is the tens digit of 9854?
5
What is the tens digit of 360?
6
What is the hundreds digit of 7677?
6
What is the thousands digit of 1334?
1
What is the units digit of 11838?
8
What is the ten thousands digit of 98800?
9
What is the hundreds digit of 65065?
0
What is the tens digit of 588?
8
What is the hundreds digit of 12162?
1
What is the thousands digit of 5789?
5
What is the hundreds digit of 6081?
0
What is the units digit of 6698?
8
What is the thousands digit of 24990?
4
What is the thousands digit of 17708?
7
What is the tens digit of 3963?
6
What is the thousands digit of 1256?
1
What is the tens digit of 54842?
4
What is the units digit of 6773?
3
What is the units digit of 14400?
0
What is the thousands digit of 18380?
8
What is the tens digit of 1447?
4
What is the tens digit of 16524?
2
What is the hundreds digit of 3365?
3
What is the thousands digit of 11355?
1
What is the tens digit of 953?
5
What is the thousands digit of 5456?
5
What is the thousands digit of 49782?
9
What is the ten thousands digit of 42384?
4
What is the hundreds digit of 13995?
9
What is the hundreds digit of 46734?
7
What is the hundreds digit of 736?
7
What is the thousands digit of 2495?
2
What is the thousands digit of 58449?
8
What is the tens digit of 66256?
5
What is the hundreds digit of 12964?
9
What is the units digit of 4663?
3
What is the hundreds digit of 797?
7
What is the units digit of 1444?
4
What is the thousands digit of 99709?
9
What is the tens digit of 61879?
7
What is the tens digit of 21960?
6
What is the thousands digit of 1327?
1
What is the tens digit of 569?
6
What is the thousands digit of 42786?
2
What is the units digit of 3368?
8
What is the ten thousands digit of 11120?
1
What is the units digit of 153132?
2
What is the tens digit of 658?
5
What is the tens digit of 7664?
6
What is the units digit of 9288?
8
What is the hundreds digit of 2386?
3
What is the thousands digit of 31787?
1
What is the tens digit of 49429?
2
What is the tens digit of 4948?
4
What is the ten thousands digit of 24691?
2
What is the thousands digit of 2248?
2
What is the thousands digit of 2658?
2
What is the units digit of 4?
4
What is the hundreds digit of 341?
3
What is the hundreds digit of 74551?
5
What is the thousands digit of 27242?
7
What is the hundreds digit of 173?
1
What is the units digit of 18449?
9
What is the thousands digit of 92664?
2
What is the tens digit of 13331?
3
What is the tens digit of 210?
1
What is the ten thousands digit of 65361?
6
What is the hundreds digit of 57566?
5
What is the hundreds digit of 7285?
2
What is the tens digit of 146620?
2
What is the hundreds digit of 2602?
6
What is the units digit of 1534?
4
What is the units digit of 6380?
0
What is the units digit of 65?
5
What is the hundred thousands digit of 112347?
1
What is the tens digit of 527?
2
What is the tens digit of 86?
8
What is the thousands digit of 34120?
4
What is the tens digit of 37372?
7
What is the tens digit of 84559?
5
What is the units digit of 932?
2
What is the tens digit of 1136?
3
What is the ten thousands digit of 12085?
1
What is the thousands digit of 19114?
9
What is the tens digit of 4092?
9
What is the units digit of 54841?
1
What is the units digit of 1257?
7
What is the tens digit of 4416?
1
What is the tens digit of 21808?
0
What is the tens digit of 1078?
7
What is the thousands digit of 1066?
1
What is the tens digit of 29953?
5
What is the tens digit of 4428?
2
What is the thousands digit of 3753?
3
What is the tens digit of 21907?
0
What is the tens digit of 1258?
5
What is the tens digit of 2673?
7
What is the tens digit of 3970?
7
What is the units digit of 1041?
1
What is the thousands digit of 69998?
9
What is the hundreds digit of 544?
5
What is the tens digit of 1329?
2
What is the units digit of 99687?
7
What is the tens digit of 171802?
0
What is the tens digit of 11179?
7
What is the thousands digit of 2629?
2
What is the hundreds digit of 29837?
8
What is the tens digit of 11183?
8
What is the tens digit of 707?
0
What is the units digit of 33439?
9
What is the hundreds digit of 3222?
2
What is the units digit of 21475?
5
What is the hundreds digit of 7669?
6
What is the tens digit of 4603?
0
What is the thousands digit of 3432?
3
What is the ten thousands digit of 36799?
3
What is the thousands digit of 18610?
8
What is the hundreds digit of 1135?
1
What is the thousands digit of 1669?
1
What is the units digit of 1943?
3
What is the tens digit of 3464?
6
What is the tens digit of 486?
8
What is the units digit of 1129?
9
What is the hundreds digit of 2165?
1
What is the tens digit of 62414?
1
What is the thousands digit of 1134?
1
What is the hundreds digit of 8279?
2
What is the units digit of 1224?
4
What is the units